vided by 183?
15
What is the remainder when 10258732 is divided by 3181?
7
Calculate the remainder when 2138500 is divided by 1663.
1545
Calculate the remainder when 381970 is divided by 831.
541
Calculate the remainder when 17949432 is divided by 62.
60
Calculate the remainder when 2100250 is divided by 1196.
74
What is the remainder when 27075888 is divided by 6768967?
20
What is the remainder when 2574469 is divided by 668?
665
Calculate the remainder when 1641250 is divided by 149193.
127
Calculate the remainder when 82897 is divided by 79116.
3781
What is the remainder when 4774632 is divided by 110?
82
What is the remainder when 1589993 is divided by 133?
111
Calculate the remainder when 1372785 is divided by 686384.
17
What is the remainder when 26435640 is divided by 213?
210
Calculate the remainder when 18254 is divided by 4417.
586
What is the remainder when 1790623 is divided by 596797?
232
Calculate the remainder when 2992967 is divided by 190.
87
What is the remainder when 443441 is divided by 175?
166
What is the remainder when 1498718 is divided by 3040?
3038
Calculate the remainder when 7412 is divided by 7090.
322
Calculate the remainder when 2929943 is divided by 292988.
63
What is the remainder when 59911983 is divided by 164?
159
What is the remainder when 3904 is divided by 1510?
884
What is the remainder when 6838183 is divided by 14?
9
What is the remainder when 260911 is divided by 17394?
1
Calculate the remainder when 9917533 is divided by 65679.
4
What is the remainder when 137587 is divided by 405?
292
Calculate the remainder when 41072964 is divided by 22.
20
Calculate the remainder when 227814 is divided by 581.
62
Calculate the remainder when 99374 is divided by 1280.
814
What is the remainder when 19767955 is divided by 124?
123
Calculate the remainder when 27439802 is divided by 56.
26
What is the remainder when 14489890 is divided by 781?
778
Calculate the remainder when 32087300 is divided by 1150.
0
What is the remainder when 301444 is divided by 2929?
2686
What is the remainder when 243423 is divided by 15188?
415
Calculate the remainder when 475176 is divided by 93.
39
What is the remainder when 3094862 is divided by 5805?
797
What is the remainder when 180253 is divided by 78?
73
What is the remainder when 5231886 is divided by 5104?
286
What is the remainder when 998521 is divided by 210?
181
What is the remainder when 10368872 is divided by 5184429?
14
What is the remainder when 22300 is divided by 4011?
2245
Calculate the remainder when 54860401 is divided by 67.
64
Calculate the remainder when 284724 is divided by 94902.
18
Calculate the remainder when 19446772 is divided by 38.
6
Calculate the remainder when 172231 is divided by 28487.
1309
Calculate the remainder when 7180565 is divided by 104066.
11
Calculate the remainder when 753634 is divided by 753631.
3
Calculate the remainder when 376755 is divided by 93309.
3519
What is the remainder when 215285 is divided by 912?
53
What is the remainder when 176763 is divided by 2811?
2481
What is the remainder when 50951902 is divided by 1032?
1030
What is the remainder when 5631599 is divided by 5972?
3
Calculate the remainder when 126618061 is divided by 5797.
5784
What is the remainder when 1539486 is divided by 1989?
0
Calculate the remainder when 26992763 is divided by 5007.
26
What is the remainder when 833403 is divided by 52?
51
What is the remainder when 381863581 is divided by 582?
577
What is the remainder when 463722546 is divided by 183?
180
What is the remainder when 339739 is divided by 1164?
1015
What is the remainder when 2548003 is divided by 435?
208
Calculate the remainder when 309340 is divided by 213.
64
Calculate the remainder when 3598431 is divided by 49978.
15
Calculate the remainder when 4527282 is divided by 4527265.
17
Calculate the remainder when 2532579 is divided by 756.
735
What is the remainder when 114678 is divided by 1135?
43
Calculate the remainder when 1590221 is divided by 58.
35
What is the remainder when 173677300 is divided by 1312?
1300
What is the remainder when 394943 is divided by 399?
332
Calculate the remainder when 16158820 is divided by 421.
419
What is the remainder when 13218683 is divided by 653?
4
Calculate the remainder when 15652908 is divided by 206.
204
What is the remainder when 64842 is divided by 1045?
52
Calculate the remainder when 172223 is divided by 127.
11
What is the remainder when 17552928 is divided by 8776377?
174
What is the remainder when 136477 is divided by 31365?
11017
Calculate the remainder when 891464 is divided by 8490.
14
Calculate the remainder when 70630119 is divided by 242715.
54
Calculate the remainder when 283438 is divided by 44.
34
Calculate the remainder when 166836 is divided by 32927.
2201
Calculate the remainder when 10650275 is divided by 1331284.
3
Calculate the remainder when 190623 is divided by 15883.
27
Calculate the remainder when 2718862 is divided by 2718803.
59
What is the remainder when 18338884 is divided by 225?
34
Calculate the remainder when 8599 is divided by 2652.
643
Calculate the remainder when 12847 is divided by 2416.
767
What is the remainder when 1035029 is divided by 49278?
191
What is the remainder when 148015118 is divided by 1125?
1118
Calculate the remainder when 187417 is divided by 186874.
543
What is the remainder when 43264 is divided by 42995?
269
Calculate the remainder when 330438 is divided by 1491.
927
Calculate the remainder when 839186 is divided by 1401.
1388
Calculate the remainder when 53956 is divided by 8873.
718
What is the remainder when 41015 is divided by 1955?
1915
What is the remainder when 748750 is divided by 68068?
2
Calculate the remainder when 65595286 is divided by 673.
668
Calculate the remainder when 12575077 is divided by 1571876.
69
Calculate the remainder when 464065 is divided by 464048.
17
What is the remainder when 1800610 is divided by 360100?
110
Calculate the remainder when 762362 is divided by 762356.
6
What is the remainder when 3800174 is divided by 183?
179
Calculate the remainder when 2265668 is divided by 652.
620
Calculate the remainder when 380010 is divided by 492.
186
Calculate the remainder when 257810 is divided by 4251.
2750
What is the remainder when 151773 is divided by 3099?
3021
What is the remainder when 288242 is divided by 288048?
194
What is the remainder when 582585 is divided by 3001?
391
What is the remainder when 198542 is divided by 5528?
5062
What is the remainder when 234494 is divided by 58602?
86
What is the remainder when 2023956184 is divided by 41?
40
Calculate the remainder when 1528434 is divided by 175.
159
Calculate the remainder when 3250797 is divided by 409.
65
Calculate the remainder when 32532 is divided by 1430.
1072
Calculate the remainder when 3506787 is divided by 876683.
55
Calculate the remainder when 888672 is divided by 1607.
1
Calculate the remainder when 1843109 is divided by 1843080.
29
Calculate the remainder when 5237820 is divided by 1047563.
5
Calculate the remainder when 36748 is divided by 496.
44
What is the remainder when 32386979 is divided by 20?
19
Calculate the remainder when 43687 is divided by 90.
37
Calculate the remainder when 92373851 is divided by 20.
11
What is the remainder when 7387736 is divided by 58171?
19
Calculate the remainder when 59758 is divided by 310.
238
What is the remainder when 12617659 is divided by 2131?
8
What is the remainder when 21500558 is divided by 38054?
48
What is the remainder when 43871907 is divided by 8774380?
7
What is the remainder when 1678769 is divided by 19750?
19
What is the remainder when 5043518 is divided by 326?
298
Calculate the remainder when 66953257 is divided by 1123.
1120
Calculate the remainder when 246632 is divided by 4108.
152
Calculate the remainder when 444174 is divided by 147457.
1803
Calculate the remainder when 3245186 is divided by 881.
463
Calculate the remainder when 23425229 is divided by 303.
299
Calculate the remainder when 914607 is divided by 1221.
78
What is the remainder when 7190586 is divided by 3?
0
What is the remainder when 71446615 is divided by 576182?
47
What is the remainder when 6525993 is divided by 1081?
1077
What is the remainder when 19201 i